{"id":11,"date":"2022-01-10T20:18:08","date_gmt":"2022-01-10T20:18:08","guid":{"rendered":"http:\/\/zeszyty.szczecin.pl\/?page_id=11"},"modified":"2022-04-06T12:42:48","modified_gmt":"2022-04-06T12:42:48","slug":"informacje","status":"publish","type":"page","link":"https:\/\/zeszyty.szczecin.pl\/?page_id=11","title":{"rendered":"O serii"},"content":{"rendered":"\n<p><strong>Zeszyty Szczeci\u0144skie<\/strong><br><strong>&nbsp;<\/strong><br>seria po\u015bwi\u0119cona Szczecinowi, wydawana od roku 2001. Inicjatorem oraz redaktorem naczelnym serii jest Grzegorz Czarnecki.<\/p>\n\n\n\n<p>G\u0142\u00f3wnym celem zeszyt\u00f3w jest popularyzacja wiedzy o Szczecinie poprzez wybrane, ciekawe zagadnienia. Intencj\u0105 autor\u00f3w i wydawcy jest zach\u0119cenie czytelnik\u00f3w do refleksji i pozytywnego my\u015blenia o mie\u015bcie, czerpi\u0105c z jego bogatej historii, ponad wszelkimi podzia\u0142ami i granicami.<\/p>\n\n\n\n<p>Zgodnie z za\u0142o\u017ceniem, zeszyty maj\u0105 by\u0107 publikacj\u0105 tzw. pierwszego kontaktu, zachowuj\u0105c jednak, pomimo lekko\u015bci formy, walory publikacji popularnonaukowych. Czuwaj\u0105 nad tym ich autorzy (wielu z nich jest zawodowo zwi\u0105zanych mi\u0119dzy innymi z&nbsp; Muzeum Miasta, Ksi\u0105\u017cnic\u0105 Pomorsk\u0105, Uniwersytetem Szczeci\u0144skim czy PTTK).<br>Ka\u017cdy z Zeszyt\u00f3w stanowi jednorodny tekst monograficzny dotycz\u0105cy zjawisk z dziedziny kultury, polityki, gospodarki itd.<\/p>\n\n\n\n<p>Zeszyty ukazuj\u0105 si\u0119 nieregularnie. Do roku 2022 wydano dwadzie\u015bcia jeden numer\u00f3w Zeszyt\u00f3w Szczeci\u0144skich. Zaprezentowano w nich kilkaset unikatowych fotografii. Wi\u0119kszo\u015b\u0107 dotychczasowych tekst\u00f3w mia\u0142a charakter pionierski, stanowi\u0142a pierwsze opracowania na wybrane tematy.<\/p>\n\n\n\n<p>Dwadzie\u015bcia Zeszyt\u00f3w Szczeci\u0144skich w pierwszej serii, monochromatycznej.<\/p>\n\n\n\n<figure class=\"wp-block-image size-large\"><img loading=\"lazy\" decoding=\"async\" width=\"947\" height=\"1024\" src=\"http:\/\/zeszyty.szczecin.pl\/wp-content\/uploads\/2022\/01\/okladki-zeszytow-1-947x1024.jpg\" alt=\"\" class=\"wp-image-63\" srcset=\"https:\/\/zeszyty.szczecin.pl\/wp-content\/uploads\/2022\/01\/okladki-zeszytow-1-947x1024.jpg 947w, https:\/\/zeszyty.szczecin.pl\/wp-content\/uploads\/2022\/01\/okladki-zeszytow-1-278x300.jpg 278w, https:\/\/zeszyty.szczecin.pl\/wp-content\/uploads\/2022\/01\/okladki-zeszytow-1-768x830.jpg 768w, https:\/\/zeszyty.szczecin.pl\/wp-content\/uploads\/2022\/01\/okladki-zeszytow-1.jpg 1110w\" sizes=\"auto, (max-width: 947px) 100vw, 947px\" \/><\/figure>\n\n\n\n<p><\/p>\n\n\n\n<p>ZESZYT 1: <em>Auta, rowery, lokomotywy&#8230; Z czego s\u0142yn\u0105\u0142 szczeci\u0144ski przemys\u0142 maszynowy do roku 1945<\/em>, A. Feli\u0144ski, A. Kra\u015bnicki jr<br>ZESZYT 2: <em>Bastiony, forty, bunkry&#8230; Historia umocnie\u0144 obronnych Szczecina<\/em>, R. Kotla<br>ZESZYT 3: <em>Bollwerk, Gotzlow, Quistorpturm&#8230; Relacja Hermanna Stolpa z pobytu w Szczecinie w roku 1913<\/em>, J. Kosman, G. Czarnecki<br>ZESZYT 4: <em>Ruiny, Niemcy, \u017co\u0142nierze radzieccy&#8230; Polska flaga nad Szczecinem po II wojnie \u015bwiatowej<\/em>, K. \u0141yczywek, R. \u0141yczywek, P. Zaremba<br>ZESZYT 5: <em>Westendsee, Weinberg, Buchheide&#8230; Parki i zielone kawiarenki dawnego Szczecina<\/em>, W. \u0141opuch<br>ZESZYT 6: <em>Lange Br\u00fccke, Hansa Br\u00fccke, Most D\u0142ugi&#8230; Historia szczeci\u0144skich most\u00f3w<\/em>, R. Kotla<br>ZESZYT 7: <em>Stoewer, Alba, Junak&#8230; Historia szczeci\u0144skich motocykli 1904\u20131965<\/em>, M. Kwiatkowski<br>ZESZYT 8: <em>\u201eQuo vadis\u201d, \u201e\u017byd S\u00fcss\u201d, \u201e\u015awiniarka i pastuch\u201d&#8230; W szczeci\u0144skim starym kinie 1910\u20131952<\/em>, J. Kosman<br>ZESZYT 9: <em>Architekt, urbanista, urz\u0119dnik&#8230; Wilhelm Meyer-Schwartau<br>tw\u00f3rca wielkomiejskiego Szczecina<\/em>, W. \u0141opuch<br>ZESZYT 10: <em>Bohrisch, Elysium, Bergschloss&#8230; Historia szczeci\u0144skich browar\u00f3w do roku 1945<\/em>, K. \u017burawski<br>ZESZYT 11: <em>Szczecin, Jasienica, Trzebie\u017c&#8230; Historia szczeci\u0144skiej kolei podmiejskiej<\/em>, M. \u0141opuch<br>ZESZYT 12: <em>Pieszo, konno, parowcami&#8230; Historia szczeci\u0144skiej poczty<\/em>, Z. M\u0105ka<br>ZESZYT 13: <em>\u201eGrot\u201d, \u201eObraz\u201d, \u201eZ podziemia\u201d&#8230; Szczeci\u0144skie wydawnictwa drugiego obiegu<\/em>, K. \u017burawski<br>ZESZYT 14: <em>Miasto, dworzec, rzeka&#8230; Historia dworca w Szczecinie \u2013 stacji na trasie Kolei Berli\u0144sko-Szczeci\u0144skiej<\/em>, W. \u0141opuch<br>ZESZYT 15: <em>Lasalle, Bl\u00fccher, Grandeau&#8230; Szczecin w okresie wojen napoleo\u0144skich<\/em>, P. Arlet<br>ZESZYT 16: <em>Veni Creator Spiritus! Jan Pawe\u0142 II w Szczecinie A.D. 1987<\/em>,<br>K. \u017burawski<br>ZESZYT 17: <em>Robotnicy, w\u0142adza ludowa, czo\u0142gi&#8230; Wydarzenia Grudnia \u201870 w Szczecinie<\/em>, K. \u017burawski<br>ZESZYT 18: <em>RAF, USA AF, WWS\u2026 Bombardowania Szczecina w okresie II wojny \u015bwiatowej<\/em>, G. Ciechanowski, J. Ciechanowski, E. Potter<br>ZESZYT 19: <em>Malowany, kamienny, ceramiczny&#8230; Herb Szczecina w architekturze miasta<\/em>, Jerzy Grzelak<br>ZESZYT 20: <em>Tundra, tajga, pierwsi ludzie&#8230; Pradzieje Szczecina cz\u0119\u015b\u0107 1<\/em>,<br>Maciej Czarnecki<\/p>\n\n\n\n<p>ZESZYT 21: <em>Kino Kosmos, Bar Extra, basen Pogoni, Szczeci\u0144ska architektura modernistyczna lat 60. XX wieku<\/em>, Maria \u0141opuch.<\/p>\n\n\n\n<p>ZESZYT 22: <em>UFA Palast, Kreuzkirche, Kunstgewerbeschule \u2013 Szczeci\u0144ska architektura modernistyczna lat 20. i 30. XX wieku<\/em>, Wojciech \u0141opuch.<\/p>\n\n\n\n<p><br><br>W roku 2004 z okazjii wej\u015bcia Polski do Unii Europejskiej w ramach serii wydany zosta\u0142 album pt. <em>Stettin \u2013 Szczecin XX wiek. Polityka, gospodarka, kultura&#8230; <\/em>Album towarzyszy\u0142 wystawie o tym samym tytule. By\u0142a ona wielokrotnie prezentowana, zar\u00f3wno w Polsce (Szczecin) jak i w Niemczech (Berlin, Lubeka, Frankfurt nad Odr\u0105). <\/p>\n\n\n\n<p>W albumie zaprezentowano ponad sto fotografii zmieniaj\u0105cego si\u0119 miasta, autorstwa fotograf\u00f3w niemieckich i polskich.<\/p>\n\n\n\n<figure class=\"wp-block-image size-full\"><img loading=\"lazy\" decoding=\"async\" width=\"688\" height=\"960\" src=\"http:\/\/zeszyty.szczecin.pl\/wp-content\/uploads\/2022\/01\/XX-WIEK.jpg\" alt=\"\" class=\"wp-image-29\" srcset=\"https:\/\/zeszyty.szczecin.pl\/wp-content\/uploads\/2022\/01\/XX-WIEK.jpg 688w, https:\/\/zeszyty.szczecin.pl\/wp-content\/uploads\/2022\/01\/XX-WIEK-215x300.jpg 215w\" sizes=\"auto, (max-width: 688px) 100vw, 688px\" \/><\/figure>\n\n\n\n<p>W roku 2020 w ramach serii rozpocz\u0119to wydawanie album\u00f3w o szczeci\u0144skich fotografach. Pierwszy po\u015bwi\u0119cony by\u0142 Zbigniewowi Wr\u00f3blewskiemu.<\/p>\n\n\n\n<figure class=\"wp-block-image size-large is-resized\"><img loading=\"lazy\" decoding=\"async\" src=\"http:\/\/zeszyty.szczecin.pl\/wp-content\/uploads\/2022\/01\/Szczecinski-Fotograf-Zbigniew-Wroblewski-okladka-przod-1024x1024.jpg\" alt=\"\" class=\"wp-image-42\" width=\"610\" height=\"610\" srcset=\"https:\/\/zeszyty.szczecin.pl\/wp-content\/uploads\/2022\/01\/Szczecinski-Fotograf-Zbigniew-Wroblewski-okladka-przod-1024x1024.jpg 1024w, https:\/\/zeszyty.szczecin.pl\/wp-content\/uploads\/2022\/01\/Szczecinski-Fotograf-Zbigniew-Wroblewski-okladka-przod-300x300.jpg 300w, https:\/\/zeszyty.szczecin.pl\/wp-content\/uploads\/2022\/01\/Szczecinski-Fotograf-Zbigniew-Wroblewski-okladka-przod-150x150.jpg 150w, https:\/\/zeszyty.szczecin.pl\/wp-content\/uploads\/2022\/01\/Szczecinski-Fotograf-Zbigniew-Wroblewski-okladka-przod-768x768.jpg 768w, https:\/\/zeszyty.szczecin.pl\/wp-content\/uploads\/2022\/01\/Szczecinski-Fotograf-Zbigniew-Wroblewski-okladka-przod-1536x1536.jpg 1536w, https:\/\/zeszyty.szczecin.pl\/wp-content\/uploads\/2022\/01\/Szczecinski-Fotograf-Zbigniew-Wroblewski-okladka-przod-2048x2048.jpg 2048w, https:\/\/zeszyty.szczecin.pl\/wp-content\/uploads\/2022\/01\/Szczecinski-Fotograf-Zbigniew-Wroblewski-okladka-przod-1568x1568.jpg 1568w\" sizes=\"auto, (max-width: 610px) 100vw, 610px\" \/><\/figure>\n\n\n\n<p>W roku 2021 ukaza\u0142 sie pierwszy Zeszyt w nowym formacie 21 x 21 cm. Do wn\u0119trza Zeszyt\u00f3w wprowadzono kolor. <\/p>\n\n\n\n<figure class=\"wp-block-image size-full\"><img loading=\"lazy\" decoding=\"async\" width=\"989\" height=\"989\" src=\"http:\/\/zeszyty.szczecin.pl\/wp-content\/uploads\/2022\/01\/okladka-przod.jpg\" alt=\"\" class=\"wp-image-35\" srcset=\"https:\/\/zeszyty.szczecin.pl\/wp-content\/uploads\/2022\/01\/okladka-przod.jpg 989w, https:\/\/zeszyty.szczecin.pl\/wp-content\/uploads\/2022\/01\/okladka-przod-300x300.jpg 300w, https:\/\/zeszyty.szczecin.pl\/wp-content\/uploads\/2022\/01\/okladka-przod-150x150.jpg 150w, https:\/\/zeszyty.szczecin.pl\/wp-content\/uploads\/2022\/01\/okladka-przod-768x768.jpg 768w\" sizes=\"auto, (max-width: 989px) 100vw, 989px\" \/><\/figure>\n\n\n\n<figure class=\"wp-block-image size-full\"><img loading=\"lazy\" decoding=\"async\" width=\"1000\" height=\"1000\" src=\"http:\/\/zeszyty.szczecin.pl\/wp-content\/uploads\/2022\/04\/okladka-przod-1000.jpg\" alt=\"\" class=\"wp-image-88\" srcset=\"https:\/\/zeszyty.szczecin.pl\/wp-content\/uploads\/2022\/04\/okladka-przod-1000.jpg 1000w, https:\/\/zeszyty.szczecin.pl\/wp-content\/uploads\/2022\/04\/okladka-przod-1000-300x300.jpg 300w, https:\/\/zeszyty.szczecin.pl\/wp-content\/uploads\/2022\/04\/okladka-przod-1000-150x150.jpg 150w, https:\/\/zeszyty.szczecin.pl\/wp-content\/uploads\/2022\/04\/okladka-przod-1000-768x768.jpg 768w\" sizes=\"auto, (max-width: 1000px) 100vw, 1000px\" \/><\/figure>\n\n\n\n<p><\/p>\n\n\n\n<p>Zeszyty Szczeci\u0144skie s\u0105 dost\u0119pne w najlepszych szczeci\u0144skich ksi\u0119garniach, w tym w:<\/p>\n\n\n\n<p>1.&nbsp;Ksi\u0119garniokawiarni&nbsp;Mi\u0119dzy&nbsp;Wierszami,&nbsp;ul.&nbsp;S.&nbsp;Moniuszki&nbsp;6,&nbsp;Szczecin<br>tel.&nbsp;791&nbsp;041&nbsp;061<br>e-mail:&nbsp;<a href=\"mailto:kawiarnia@miedzywierszami.pl\">kawiarnia@miedzywierszami.pl<\/a><br>2.&nbsp;Ksi\u0119garni&nbsp;Sedina,&nbsp;Aleja&nbsp;Wyzwolenia&nbsp;97,&nbsp;Szczecin,<br>tel.&nbsp;+48&nbsp;91&nbsp;423&nbsp;71&nbsp;34,<br>e-mail:&nbsp;<a href=\"mailto:kontakt@j-j.szczecin.pl\">kontakt@j-j.szczecin.pl<\/a><br>3.&nbsp;Antykwariariacie&nbsp;Pomorskim,&nbsp;ul.&nbsp;Ma\u0142opolska&nbsp;7,&nbsp;Szczecin,<br>tel.&nbsp;+48&nbsp;695&nbsp;309&nbsp;597,<br>e-mail:&nbsp;<a href=\"mailto:antykwariatpomorski@gmail.com\">antykwariatpomorski@gmail.com<\/a><br>4.&nbsp;Ksi\u0119garni&nbsp;Zamkowa,&nbsp;Plac&nbsp;Ho\u0142du&nbsp;Pruskiego&nbsp;8,<br>tel.&nbsp;+48&nbsp;506&nbsp;689&nbsp;861,<br>e-mail:&nbsp;<a href=\"mailto:zamkowa@ksiaznica.pl\">zamkowa@ksiaznica.pl<\/a><\/p>\n\n\n\n<p>5. Ksi\u0119garni Atut, ul. Ma\u0142kowskiego 6,  Szczecin<br> tel. 91 434 14 23, &nbsp;<a href=\"mailto:atutksiegarnia@onet.pl\">atutksiegarnia@onet.pl<\/a><\/p>\n","protected":false},"excerpt":{"rendered":"<p>Zeszyty Szczeci\u0144skie&nbsp;seria po\u015bwi\u0119cona Szczecinowi, wydawana od roku 2001. Inicjatorem oraz redaktorem naczelnym serii jest Grzegorz Czarnecki. G\u0142\u00f3wnym celem zeszyt\u00f3w jest popularyzacja wiedzy o Szczecinie poprzez wybrane, ciekawe zagadnienia. Intencj\u0105 autor\u00f3w i wydawcy jest zach\u0119cenie czytelnik\u00f3w do refleksji i pozytywnego my\u015blenia o mie\u015bcie, czerpi\u0105c z jego bogatej historii, ponad wszelkimi podzia\u0142ami i granicami. Zgodnie z za\u0142o\u017ceniem,&hellip; <a class=\"more-link\" href=\"https:\/\/zeszyty.szczecin.pl\/?page_id=11\">Czytaj dalej <span class=\"screen-reader-text\">O serii<\/span><\/a><\/p>\n","protected":false},"author":1,"featured_media":0,"parent":0,"menu_order":0,"comment_status":"closed","ping_status":"closed","template":"","meta":{"footnotes":""},"class_list":["post-11","page","type-page","status-publish","hentry","entry"],"_links":{"self":[{"href":"https:\/\/zeszyty.szczecin.pl\/index.php?rest_route=\/wp\/v2\/pages\/11","targetHints":{"allow":["GET"]}}],"collection":[{"href":"https:\/\/zeszyty.szczecin.pl\/index.php?rest_route=\/wp\/v2\/pages"}],"about":[{"href":"https:\/\/zeszyty.szczecin.pl\/index.php?rest_route=\/wp\/v2\/types\/page"}],"author":[{"embeddable":true,"href":"https:\/\/zeszyty.szczecin.pl\/index.php?rest_route=\/wp\/v2\/users\/1"}],"replies":[{"embeddable":true,"href":"https:\/\/zeszyty.szczecin.pl\/index.php?rest_route=%2Fwp%2Fv2%2Fcomments&post=11"}],"version-history":[{"count":13,"href":"https:\/\/zeszyty.szczecin.pl\/index.php?rest_route=\/wp\/v2\/pages\/11\/revisions"}],"predecessor-version":[{"id":94,"href":"https:\/\/zeszyty.szczecin.pl\/index.php?rest_route=\/wp\/v2\/pages\/11\/revisions\/94"}],"wp:attachment":[{"href":"https:\/\/zeszyty.szczecin.pl\/index.php?rest_route=%2Fwp%2Fv2%2Fmedia&parent=11"}],"curies":[{"name":"wp","href":"https:\/\/api.w.org\/{rel}","templated":true}]}}